 4*z. Calculate the greatest common divisor of a and x.
12
Let d be ((-588)/(-70))/(1 - 6/10). Calculate the greatest common factor of 105 and d.
21
Suppose 0*i - 2*i = -2. Let f be (9 - (-2 - 1))*i. Calculate the greatest common divisor of f and 48.
12
Suppose -3*u + 0*h + 30 = 3*h, 0 = -5*u + 2*h + 64. Calculate the highest common factor of 12 and u.
12
Let j(z) = 2*z. Let x be j(6). Let q(a) = 10*a**2 - a - 3. Let d be q(3). What is the highest common divisor of d and x?
12
Let b(g) = -5*g - 109. Let l be b(-23). Let i be ((-60)/(-14))/((-2)/(-14)). Calculate the greatest common divisor of i and l.
6
Suppose 810 = 5*b + f, 4*b + b - 5*f - 810 = 0. Suppose -b = 5*w - 7*w. Let p = -6 - -15. Calculate the highest common factor of p and w.
9
Suppose -3*c = 117 + 42. Let z be (-1 - c)*2/4. What is the greatest common factor of z and 13?
13
Let m = -181 - -269. Calculate the highest common factor of 11 and m.
11
Let t(q) = q + 121. Let v = 4 + -4. Let h be t(v). Suppose -5*p + g = -h, -3*p + 0*g = -3*g - 75. Calculate the highest common divisor of p and 36.
12
Let w(h) = -h**2 - 12*h - 6. Let m be w(-11). What is the highest common divisor of m and 2?
1
Suppose -4*y + 0*a + 190 = -2*a, 5*a + 187 = 4*y. What is the greatest common divisor of y and 120?
24
Let f = 37 - -5. Suppose 4*i - 18 = f. What is the greatest common factor of 10 and i?
5
Suppose 4*d + 612 = 8*d + 2*h, 5*d - 3*h - 776 = 0. Calculate the highest common divisor of 14 and d.
14
Suppose -289 + 113 = -11*l. What is the greatest common factor of 32 and l?
16
Suppose -3*p = 2*v - 4*v - 40, 0 = p - 2*v - 16. What is the greatest common divisor of 60 and p?
12
Let y be (-3)/(2 - 406/200). Let k(c) = -c**3 - c**2 + c + 40. Let s be k(0). What is the highest common divisor of y and s?
20
Suppose 0 = -2*j + 3 + 1. Let c(w) = 7*w + 1. Let d be c(j). What is the greatest common factor of 120 and d?
15
Let w be 1 - -198 - (-5 - -6). Calculate the greatest common divisor of 18 and w.
18
Suppose -4*b - 31 = 9. Let n = 5 - b. Suppose n = 3*p - 6. Calculate the highest common divisor of 21 and p.
7
Let k = -69 + 129. What is the greatest common divisor of k and 15?
15
Let i(z) = -5*z**2 + 15*z + 10. Let j(y) = -11*y**2 + 31*y + 21. Let t(m) = -13*i(m) + 6*j(m). Let g be t(-7). What is the greatest common divisor of 60 and g?
10
Suppose 4*a - 200 = -0*a. Suppose -2*p + t + 11 = 0, -p + 2 + 6 = -t. Suppose -5*c + p*c = -20. What is the greatest common divisor of c and a?
10
Suppose -173 = -5*c + 5*p - 18, 0 = 5*c + p - 149. Calculate the highest common factor of 5 and c.
5
Suppose 8*p - 3*p + 4*d = 200, 0 = -d. Let c = 0 - 1. Let g be 7 - (-1 + (c - -1)). Calculate the greatest common factor of p and g.
8
Let n = 6 - 3. Suppose 0 = -4*d - f - f + 66, -n*d + 60 = -2*f. Suppose 2*l - 2 + 8 = 0, -d = -3*x - 2*l. What is the highest common factor of x and 12?
4
Let c = -27 - -59. Suppose 0*z - c = -2*z. What is the highest common factor of z and 80?
16
Let o(a) = -14*a + 10. Let y be o(11). Let q = -100 - y. Suppose 5*l + c - 252 = 0, -c + q = l - 4*c. What is the highest common divisor of 5 and l?
5
Suppose -98 = -13*c + 6. Calculate the greatest common divisor of 8 and c.
8
Let c(q) = -q**3 + 7*q**2 + 2*q - 10. Let k be c(7). Suppose 3*h = 6*h - 6. What is the greatest common divisor of k and h?
2
Let l(s) = s + 2*s**3 + 1 - 3*s - s**2 + 2*s**2. Let r be l(1). Suppose a + 0*a = 3. What is the highest common factor of r and a?
1
Let c be (3 - -3) + 1/(-1). Suppose -w - 16 = -c*w. What is the greatest common factor of w and 4?
4
Let m(j) = -j**2 - j - 3. Let z be m(0). Let g be -11 + 6/z - 1. Let r be 3140/35 - 4/g. What is the highest common divisor of r and 10?
10
Let m be 2 + 1 + -6 + 0. Let s be ((-63)/6)/(m/4). Calculate the greatest common factor of s and 14.
14
Suppose 71 = m - u - 36, -4*u = -2*m + 224. What is the greatest common factor of m and 34?
34
Suppose -4*t + q - 5*q = -640, -3*q = -t + 164. Calculate the greatest common divisor of 23 and t.
23
Suppose 147 = 5*r - 153. What is the highest common factor of r and 12?
12
Let f = -1 + 6. Suppose -3*h + 2*t = -7 - 12, 3*t = f*h - 33. What is the greatest common divisor of h and 9?
9
Let o(r) = 22*r + 2. Let i be o(1). Calculate the highest common factor of i and 216.
24
Let b be -4 - ((-16)/(-4) - 8). Suppose u - 97 - 5 = b. What is the highest common divisor of u and 68?
34
Let i = 207 + -55. What is the highest common divisor of 38 and i?
38
Let q = -150 + 241. Let t(f) = -f**3 - 3*f**2 + 4*f - 1. Let r be t(-5). Let h = -16 + r. Calculate the highest common factor of h and q.
13
Suppose -4*s + 32 = -2*g, 4*s + 5*g = 49 + 11. Suppose -3*u = -2*u - 154. Let v = u - 104. Calculate the greatest common divisor of v and s.
10
Let k be 0 + -1 - -6 - -1. Suppose -3*z + k*z = 15. Let f(t) = t**3 - t**2 - 4. Let o be f(z). What is the highest common factor of o and 12?
12
Let q = 198 - 113. Suppose 7*p + 29 = q. What is the greatest common divisor of 2 and p?
2
Let d be (10/(-25))/(2/(-5)). What is the greatest common factor of 11 and d?
1
Let x(m) = m + 10. Let w be x(-3). What is the highest common divisor of w and 28?
7
Suppose -k + 0*c - 5*c + 11 = 0, -2*c = k - 14. Calculate the greatest common divisor of k and 128.
16
Let p(u) = -u**2 + 7*u + 1. Let g be p(5). Let l = -10 - -65. Suppose 2*w = -3*n + 33, -4*w = -5*n - 8*w + l. What is the greatest common factor of n and g?
11
Let b(k) = -k. Let m = 1 - 2. Let a(s) = -s**2 + 6*s - 6. Let i(p) = m*a(p) - 6*b(p). Let z be i(0). Calculate the highest common factor of 66 and z.
6
Let z = 2 - -1. Suppose o + 18 = z*o. What is the highest common divisor of o and 18?
9
Let v(z) = 3*z - 3. Let a be v(5). Suppose 316 = 2*n + 76. What is the highest common divisor of n and a?
12
Let p = 2 - -1. Suppose 92 = 3*c + 5*q, c - 2*q - 4 = 3*q. What is the greatest common divisor of p and c?
3
Let w(k) = 5*k - 22. Let a be w(9). Calculate the greatest common divisor of a and 253.
23
Suppose 3*x - 162 = -0*x. Let i(g) = g**2. Let j(a) = -7*a + 5. Let u(b) = 2*i(b) + j(b). Let v be u(4). What is the greatest common factor of x and v?
9
Let k = -8 + 74. Suppose -65 = -5*f + 3*c, 4*f - 2*c + 14 = k. Calculate the highest common divisor of f and 26.
13
Let k(x) = -x**3 + 8*x**2 + 14*x - 19. Let i be k(9). What is the highest common factor of i and 182?
26
Let d(x) = -x**3 + 8*x**2 + 4*x + 4. Let s be d(6). What is the greatest common divisor of s and 20?
20
Suppose -q + l + 4 = 0, -3*q + 10 = -q - 4*l. What is the highest common factor of q and 24?
3
Suppose -6 = -3*r - 0*r. Let c be 0 - (-3 - -2)*r. Suppose -20 = -2*s - c. Calculate the highest common factor of 1 and s.
1
Suppose 0 = -4*d + 5*k + 600, k - 450 = -3*d - k. Suppose 7*s = 2*s + d. What is the highest common factor of 12 and s?
6
Let a = -7 - -14. Let s = a - 1. What is the highest common factor of 6 and s?
6
Let o(l) = l + 4. Let m be o(-9). Let i be (-111)/(-15) - (-2)/m. Suppose 0 = -h + 4*d - 5, 4*d + d = h + 8. Calculate the highest common factor of h and i.
7
Suppose 4*r - 14 - 2 = 0. What is the highest common factor of r and 4?
4
Let k be (-3 - -3) + (-92)/(-2). Let z be -1 + 2 - (k - -1). Let g = z - -66. Calculate the greatest common factor of 180 and g.
20
Let v = 52 + 88. What is the highest common divisor of 28 and v?
28
Suppose k - 1 - 2 = 0. Let d be k/(((-1)/(-3))/1). What is the greatest common divisor of 1 and d?
1
Let r be (-10)/4*1*2. Let z(k) = -k**3 - 5*k**2 + 2*k + 4. Let l be z(r). Let c be (-1)/3 + (-116)/l. Calculate the greatest common factor of 171 and c.
19
Let p = -244 - -397. Let i be (68/(-6))/(8/(-12)). What is the greatest common factor of p and i?
17
Suppose -3*a = -2*j - 24, -a - 5*j + 2*j = -8. Calculate the highest common factor of a and 72.
8
Suppose -4*b = -7*b + 3. Let m be (1 - 1/b) + 180. Suppose -83 = 9*v - 263. What is the highest common factor of m and v?
20
Suppose -p + 2*p = 22. Let k = 30 + -20. Let t = -8 + k. Calculate the highest common factor of t and p.
2
Suppose 0 = -4*y + 9*y - 50. Calculate the highest common factor of y and 90.
10
Let c = 64 - 137. Let y = c - -122. What is the highest common factor of y and 7?
7
Let d = 7 + 11. Let h = 230 - 140. What is the highest common factor of h and 